a multiple of 12?
False
Does 18 divide 82179000?
True
Is 321 a factor of 44218284?
False
Does 3272 divide 7518830232?
True
Does 977 divide 271988919?
False
Is 2513 a factor of 357236750?
False
Does 144 divide 28613520?
True
Does 27 divide 30838054?
False
Does 1115 divide 945379510?
True
Does 10 divide 9986290?
True
Is 24 a factor of 20246208?
True
Does 27 divide 53333554?
False
Is 120219513 a multiple of 4?
False
Is 341 a factor of 5403486?
True
Is 31864888 a multiple of 920?
False
Does 157 divide 9721440?
True
Is 1755 a factor of 816369840?
True
Is 39 a factor of 38821575?
True
Is 27 a factor of 54815350?
False
Does 56 divide 72631440?
True
Is 227 a factor of 82554501?
False
Does 1473 divide 83248068?
True
Does 63 divide 48069756?
True
Is 14247532 a multiple of 1585?
False
Is 1609223064 a multiple of 11?
False
Is 186 a factor of 17641170?
True
Is 1961419432 a multiple of 2744?
True
Is 1602475485 a multiple of 195?
True
Is 6300311 a multiple of 7?
False
Is 61263259 a multiple of 87?
False
Is 11633236 a multiple of 2593?
False
Is 112048391 a multiple of 347?
False
Does 87 divide 225998073?
True
Is 5874890 a multiple of 14?
True
Does 139 divide 115273117?
True
Does 539 divide 20066416?
False
Is 2092453280 a multiple of 40?
True
Does 1210 divide 107174693?
False
Is 9 a factor of 1797255?
True
Does 78 divide 169812318?
True
Is 131 a factor of 212577892?
True
Is 1556 a factor of 34896412?
True
Is 5 a factor of 965852255?
True
Does 3 divide 932851679?
False
Is 111 a factor of 13928695?
False
Is 1040140 a multiple of 9?
False
Is 1655 a factor of 238242215?
True
Does 59 divide 9382829?
True
Does 252 divide 4632153?
False
Is 905960354 a multiple of 1512?
False
Is 39625523 a multiple of 110?
False
Is 86 a factor of 1905515626?
False
Does 151 divide 911295419?
True
Is 3408466002 a multiple of 8529?
False
Does 43 divide 42154705?
False
Does 1404 divide 193411913?
False
Is 8 a factor of 2762062?
False
Is 1158833871 a multiple of 14?
False
Does 185 divide 9035784?
False
Does 168 divide 788104128?
True
Is 1438599874 a multiple of 10?
False
Does 18 divide 951218388?
True
Does 184 divide 1433035697?
False
Is 6 a factor of 24281921?
False
Is 129981 a multiple of 79?
False
Is 218 a factor of 31210719?
False
Is 108 a factor of 204953543?
False
Is 16 a factor of 1101290042?
False
Is 48890095 a multiple of 2467?
False
Is 7 a factor of 1370218741?
False
Is 56798402 a multiple of 4?
False
Does 22 divide 377057699?
False
Is 6774650 a multiple of 67?
False
Is 35406561 a multiple of 59?
False
Is 647349429 a multiple of 8377?
True
Is 3615 a factor of 39050046?
False
Is 561736776 a multiple of 347?
False
Does 1508 divide 74525056?
False
Is 413452648 a multiple of 12?
False
Does 91 divide 1963019?
False
Does 32 divide 53760101?
False
Does 1660 divide 6722088660?
True
Does 6 divide 2073703252?
False
Is 568 a factor of 5974792?
True
Is 4238208038 a multiple of 13?
False
Is 1754992926 a multiple of 918?
True
Does 3 divide 7328685?
True
Does 1098 divide 253274562?
True
Is 2186453 a multiple of 189?
False
Is 11 a factor of 53908348?
False
Is 628571394 a multiple of 172?
False
Is 15 a factor of 344796224?
False
Does 4 divide 7831161?
False
Is 2342 a factor of 1891124779?
False
Is 8522694 a multiple of 2806?
False
Is 716561240 a multiple of 20?
True
Is 52062950 a multiple of 47?
False
Does 10 divide 40869001?
False
Does 47 divide 91059821?
True
Does 63 divide 30510132?
False
Is 2 a factor of 135023?
False
Is 18 a factor of 19750235?
False
Is 13 a factor of 28042443?
True
Does 7 divide 204130444?
True
Is 642 a factor of 9009828?
True
Does 13 divide 1095907670?
True
Does 11 divide 47257532?
False
Is 166611878 a multiple of 21?
False
Is 33429497 a multiple of 17?
True
Is 424 a factor of 268333064?
True
Is 632 a factor of 202617052?
False
Is 2 a factor of 75593094?
True
Does 151 divide 4346019033?
True
Is 301 a factor of 47033056?
True
Is 686900696 a multiple of 2450?
False
Is 23480434 a multiple of 586?
True
Is 1221 a factor of 1674317835?
False
Does 17 divide 72425340?
False
Is 5 a factor of 174364215?
True
Does 17 divide 140539527?
True
Is 13 a factor of 313446320?
False
Is 13 a factor of 42045289?
True
Is 237 a factor of 805306608?
False
Is 1987370 a multiple of 77?
True
Does 199 divide 8898882?
True
Does 39 divide 6577818?
True
Is 3503 a factor of 61554716?
True
Does 157 divide 3363354060?
False
Is 226116581 a multiple of 152?
False
Does 901 divide 7578311?
True
Does 463 divide 2359653?
False
Is 484 a factor of 78377024?
True
Is 26672939 a multiple of 1219?
True
Does 2063 divide 168246677?
False
Is 1684344202 a multiple of 940?
False
Is 68 a factor of 3838736?
True
Does 1206 divide 2914508384?
False
Is 3536462 a multiple of 16?
False
Is 2894 a factor of 243223576?
False
Is 196 a factor of 41869520?
True
Does 88 divide 10546138?
False
Is 1253875924 a multiple of 7?
True
Is 2257 a factor of 38256982?
False
Does 324 divide 63938484?
True
Does 76 divide 2911951?
False
Is 15571268 a multiple of 382?
False
Is 64899782 a multiple of 14?
False
Is 350 a factor of 10448900?
True
Is 13 a factor of 3538089860?
False
Does 1188 divide 48032225?
False
Is 1096267530 a multiple of 3590?
True
Is 12920504 a multiple of 362?
True
Does 12 divide 31877724?
True
Does 18 divide 379185498?
True
Is 9 a factor of 166961328?
False
Is 45502639 a multiple of 167?
False
Is 426 a factor of 31162313?
False
Is 7052 a factor of 904947900?
True
Does 158 divide 1608809619?
False
Is 53286204 a multiple of 118?
True
Is 8 a factor of 386046689?
False
Does 43 divide 38379131?
False
Does 80 divide 125789920?
True
Does 1118 divide 238605796?
True
Is 13 a factor of 37849398?
False
Is 186 a factor of 73436359?
False
Is 2951 a factor of 182557713?
True
Does 75 divide 40764150?
True
Is 18 a factor of 148108129?
False
Does 35 divide 71882036?
False
Is 5919625 a multiple of 145?
True
Is 14 a factor of 12855591?
False
Is 1112860524 a multiple of 42?
False
Is 271066754 a multiple of 14?
True
Is 49 a factor of 126798252?
False
Is 4 a factor of 70005499?
False
Is 8 a factor of 580904952?
True
Is 17587934 a multiple of 3731?
True
Is 16 a factor of 128944528?
True
Is 78 a factor of 319874178?
True
Is 42998177 a multiple of 103?
False
Is 29152691 a multiple of 648?
False
Is 4 a factor of 64591928?
True
Is 26819715 a multiple of 39?
True
Does 3632 divide 89179555?
False
Is 278630898 a multiple of 179?
False
Is 8 a factor of 61612712?
True
Does 293 divide 24441181?
True
Is 377516590 a multiple of 6823?
True
Does 25 divide 13184800?
True
Is 4347066 a multiple of 1681?
True
Does 141 divide 418165110?
True
Does 779 divide 24821279?
False
Is 1486 a factor of 3307657075?
False
Does 36 divide 440915724?
True
Is 5268 a factor of 245262276?
True
Is 264 a factor of 152586192?
True
Is 1109 a factor of 58826905?
True
Is 162923720 a multiple of 303?
False
Is 39292194 a multiple of 149?
True
Is 2364519798 a multiple of 3681?
True
Is 2335 a factor of 1690269140?
True
Is 394 a factor of 91703507?
False
Is 57244630 a multiple of 557?
False
Is 985847600 a multiple of 10?
True
Is 1561 a factor of 1063209588?
True
Does 434 divide 456776154?
False
Does 1090 divide 424765194?
False
Is 2253448589 a multiple of 5?
False
Is 73919776 a multiple of 7?
True
Is 68 a factor of 64168812?
True
Does 2 divide 8595703?
False
Is 439277284 a multiple of 71?
True
Is 20288625 a multiple of 500?
False
Is 3467918 a multiple of 8?
False
Does 2941 divide 250546731?
True
Is 826 a factor of 3807065?
False
Is 1511479425 a multiple of 977?
False
Is 1452738892 a multiple of 2452?
True
Is 167867274 a multiple of 12?
False
Is 18 a factor of 109882170?
True
Does 550 divide 95545345?
False
Does 114 divide 4657948344?
True
Is 596 a factor of 492660457?
False
Is 163064601 a multiple of 4949?
True
Is 2287319788 a multiple of 4484?
True
Is 3621908636 a multiple of 614?
True
Does 11 divide 842183775?
False
Does 21 divide 46370976?
False
Is 398 a factor of 723331027?
False
Is 26181320 a multiple of 1516?
True
Does 55 divide 18345635?
True
Is 611 a factor of 10934890?
False
Does 21 divide 47376777?
True
Is 1227 a factor of 293001465?
True
Does 3160 divide 2879003320?
True
Is 8179966 a multiple of 78?
False
Does 4268 divide 2099659672?
True
Is 11 a factor of 6730707?
False
Does 54 divide 